r of 51535?
True
Does 116 divide 185716?
True
Is 385112 a multiple of 163?
False
Is 124 a factor of 13947910?
False
Is 402418 a multiple of 25?
False
Is 22860 a multiple of 30?
True
Is 481975 a multiple of 173?
False
Does 29 divide 82215?
True
Is 109 a factor of 125889?
False
Is 21329649 a multiple of 16?
False
Is 129799 a multiple of 443?
True
Does 4 divide 6603?
False
Does 8 divide 504770?
False
Does 13 divide 219234?
False
Is 2530110 a multiple of 255?
True
Is 48 a factor of 85287?
False
Is 15697 a multiple of 18?
False
Is 102 a factor of 109874?
False
Is 403 a factor of 4194021?
True
Is 6 a factor of 31159?
False
Does 29 divide 76143?
False
Is 101 a factor of 14039?
True
Does 687 divide 293895?
False
Is 12 a factor of 1276752?
True
Does 841 divide 1625419?
False
Does 7 divide 2832312?
True
Is 9 a factor of 1871176?
False
Is 124409 a multiple of 80?
False
Does 15 divide 3039727?
False
Does 44 divide 76956?
True
Is 38 a factor of 908124?
True
Is 3058745 a multiple of 87?
False
Is 151 a factor of 917325?
True
Is 977427 a multiple of 9?
True
Is 12 a factor of 181152?
True
Is 928260 a multiple of 5?
True
Is 24808889 a multiple of 592?
False
Does 20 divide 234700?
True
Does 13 divide 607558?
False
Is 13 a factor of 102716?
False
Does 33 divide 15659230?
False
Is 5509448 a multiple of 56?
True
Does 19 divide 1403625?
True
Does 123 divide 283392?
True
Is 778747 a multiple of 342?
False
Does 77 divide 18711?
True
Does 34 divide 819744?
False
Is 3 a factor of 1972317?
True
Does 21 divide 585879?
True
Is 68 a factor of 13959?
False
Is 6 a factor of 602912?
False
Is 14282 a multiple of 56?
False
Does 571 divide 13270040?
True
Does 7 divide 566664?
True
Is 292824 a multiple of 441?
True
Does 39 divide 416350?
False
Does 226 divide 583758?
True
Is 2026705 a multiple of 5?
True
Is 35 a factor of 3733?
False
Is 199 a factor of 2982612?
True
Is 12 a factor of 352500?
True
Is 16 a factor of 70528?
True
Does 22 divide 457490?
True
Does 35 divide 1969485?
True
Is 3730950 a multiple of 50?
True
Is 795834 a multiple of 3?
True
Is 4896856 a multiple of 124?
False
Does 19 divide 102467?
True
Does 16 divide 10064?
True
Is 561844 a multiple of 96?
False
Is 1458124 a multiple of 697?
True
Is 4574769 a multiple of 11?
False
Is 14790 a multiple of 58?
True
Is 19 a factor of 1817920?
True
Is 12 a factor of 120144?
True
Does 22 divide 902440?
True
Does 37 divide 530913?
True
Is 64 a factor of 16256?
True
Is 34 a factor of 33239?
False
Does 130 divide 16112?
False
Does 113 divide 816538?
True
Does 30 divide 338520?
True
Is 40 a factor of 4715408?
False
Does 798 divide 189405?
False
Is 130 a factor of 2719080?
True
Is 44 a factor of 1743192?
True
Is 511 a factor of 47167?
False
Does 15 divide 122912?
False
Is 17587 a multiple of 43?
True
Is 21 a factor of 128424?
False
Does 47 divide 2855344?
True
Does 6 divide 134183?
False
Does 15 divide 6203535?
True
Does 57 divide 974928?
True
Is 142698 a multiple of 102?
True
Is 531 a factor of 24463683?
False
Is 6637761 a multiple of 117?
True
Is 16 a factor of 227152?
True
Is 3 a factor of 261106?
False
Is 110184 a multiple of 37?
False
Does 104 divide 8958976?
True
Does 14 divide 214739?
False
Is 26 a factor of 94704?
False
Is 1237 a factor of 1001970?
True
Is 12 a factor of 2431017?
False
Does 5 divide 116575?
True
Is 100770 a multiple of 15?
True
Does 427 divide 1339499?
True
Is 441 a factor of 16213?
False
Is 176625 a multiple of 28?
False
Is 14 a factor of 12916638?
True
Does 223 divide 3137387?
True
Does 141 divide 491224?
False
Is 1632784 a multiple of 328?
True
Is 7 a factor of 15211?
True
Does 35 divide 481320?
True
Is 74240 a multiple of 232?
True
Does 34 divide 3404858?
False
Is 93 a factor of 87622?
False
Does 17 divide 128146?
True
Is 354580 a multiple of 7?
False
Does 526 divide 894200?
True
Is 55 a factor of 160452?
False
Does 132 divide 5185098?
False
Is 70 a factor of 257320?
True
Is 186847 a multiple of 9?
False
Does 1503 divide 6243882?
False
Does 170 divide 14303493?
False
Does 31 divide 1187743?
False
Does 204 divide 1186872?
True
Does 21 divide 73584?
True
Is 273 a factor of 12924003?
False
Is 4843395 a multiple of 28?
False
Is 9097536 a multiple of 1176?
True
Is 313 a factor of 4073695?
True
Does 4 divide 20534?
False
Is 27 a factor of 2004899?
False
Is 44 a factor of 4614?
False
Is 10 a factor of 91733?
False
Is 246769 a multiple of 5?
False
Is 3 a factor of 302478?
True
Is 37560 a multiple of 4?
True
Is 82 a factor of 1253621?
False
Is 3572864 a multiple of 824?
True
Is 13 a factor of 195546?
True
Does 233 divide 22306666?
False
Is 23 a factor of 14446?
False
Does 126 divide 215403?
False
Is 154 a factor of 12333860?
True
Does 16 divide 320656?
True
Does 146 divide 219796?
False
Is 869 a multiple of 7?
False
Does 73 divide 285722?
True
Is 7497432 a multiple of 133?
False
Is 327832 a multiple of 11?
False
Is 232 a factor of 515040?
True
Does 52 divide 22586?
False
Is 23029 a multiple of 3?
False
Is 163364 a multiple of 46?
False
Does 336 divide 3255168?
True
Is 35 a factor of 986510?
True
Is 47908 a multiple of 419?
False
Does 190 divide 733590?
True
Does 194 divide 2046189?
False
Is 1226466 a multiple of 6?
True
Is 6 a factor of 1006294?
False
Is 16 a factor of 4537470?
False
Is 1127841 a multiple of 429?
True
Is 5 a factor of 522575?
True
Is 1486866 a multiple of 102?
False
Does 67 divide 1702692?
False
Is 1207687 a multiple of 228?
False
Is 66798 a multiple of 2?
True
Does 27 divide 31060324?
False
Does 385 divide 21230?
False
Is 552 a factor of 11527255?
False
Is 9 a factor of 322343?
False
Is 9 a factor of 54441?
True
Is 5 a factor of 7891?
False
Does 183 divide 240008?
False
Is 81172 a multiple of 9?
False
Is 355336 a multiple of 8?
True
Is 779 a factor of 800812?
True
Is 71 a factor of 3365613?
True
Is 47 a factor of 582555?
False
Does 117 divide 556803?
True
Is 91 a factor of 5034484?
True
Is 5076 a multiple of 61?
False
Is 1020162 a multiple of 174?
True
Does 40 divide 324341?
False
Does 1163 divide 7408707?
False
Is 94 a factor of 123785?
False
Is 140788 a multiple of 122?
True
Is 33 a factor of 60919?
False
Does 23 divide 6110341?
True
Is 8 a factor of 39048?
True
Is 435 a factor of 332775?
True
Is 3 a factor of 21123?
True
Is 4 a factor of 638400?
True
Is 616956 a multiple of 274?
False
Is 366800 a multiple of 20?
True
Is 1043043 a multiple of 249?
False
Is 65880 a multiple of 32?
False
Is 1780808 a multiple of 8?
True
Does 18 divide 6086805?
False
Is 49 a factor of 188013?
True
Is 17 a factor of 9174016?
True
Is 84240 a multiple of 39?
True
Is 10 a factor of 301735?
False
Is 1396872 a multiple of 892?
True
Is 3008320 a multiple of 5?
True
Is 217821 a multiple of 51?
True
Does 378 divide 312115?
False
Is 193212 a multiple of 108?
True
Is 21 a factor of 354291?
True
Is 1196756 a multiple of 649?
True
Does 34 divide 1288736?
True
Is 54 a factor of 2232256?
False
Is 206850 a multiple of 10?
True
Does 8 divide 941704?
True
Does 6 divide 34410?
True
Does 176 divide 584605?
False
Is 41 a factor of 2902349?
True
Is 17 a factor of 118949?
True
Does 27 divide 903555?
True
Does 45 divide 443070?
True
Is 812526 a multiple of 66?
True
Is 1460 a factor of 10933283?
False
Is 1460263 a multiple of 50?
False
Is 149 a factor of 12963?
True
Is 502771 a multiple of 3?
False
Does 113 divide 15142?
True
Is 593 a factor of 442971?
True
Does 5 divide 25384?
False
Is 2197760 a multiple of 40?
True
Does 5 divide 1512381?
False
Does 13 divide 2990?
True
Is 33 a factor of 2361876?
True
Is 119 a factor of 183043?
False
Does 6 divide 32418?
True
Is 233721 a multiple of 9?
True
Is 21 a factor of 340456?
False
Is 69 a factor of 587121?
True
Is 21186 a multiple of 9?
True
Does 9 divide 23895?
True
Does 21 divide 62635?
False
Is 16 a factor of 239570?
False
Does 4 divide 35423?
False
Is 83 a factor of 23519?
False
Is 33 a factor of 673737?
False
Does 425 divide 239723?
False
Does 30 divide 8689710?
True
Is 21 a factor of 63441?
True
Is 36 a factor of 144512?
False
Is 6 a factor of 1649466?
True
Is 132 a factor of 59863?
False
Is 8548650 a multiple of 50?
True
Is 14 a factor of 11273927?
False
Is 27 a factor of 1610837?
False
Is 35 a factor of 37301?
False
Is 24 a factor of 48744?
True
Does 34 divide 118966?
True
Is 263 a fa